7. What is the tens digit of m?
6
Suppose -4*h - b + 4*b + 14 = 0, 2*h + b - 12 = 0. Suppose 5*i - 120 = -h*n, 3*n + 4*i + 9 = 4*n. What is the units digit of n?
1
Let y = 3 - 15. Let s be y/10*(-30)/4. Suppose -t = -42 + s. What is the units digit of t?
3
Suppose 9*f - 28 = 7*f. Suppose 9*u = f*u + 10. Let k = u - -26. What is the tens digit of k?
2
Suppose 0 = -2*h + d + 18, -h + 13 = -3*d - 6. Let y(k) = k + 2*k - h*k. What is the units digit of y(-1)?
4
Let m = -367 + 668. What is the tens digit of m?
0
Let u = 4 + -2. Suppose 2*i = 4 + u. Suppose j = -3*o, j + i*o - 18 = -2*j. What is the units digit of j?
9
Suppose 2*i + 2*i = -5*o - 2, 4*o - i = 11. Let s(z) = -1 - 28*z**2 + 2*z**3 - 2*z + 27*z**2 + o*z**3. What is the units digit of s(2)?
3
Suppose -2*v + 1178 = -v. Suppose -4*d + u = -5*d + 238, -5*d = -u - v. What is the tens digit of d/10 + (-3)/5?
2
Suppose h + 11 = 12. What is the tens digit of ((-6 - -1)*14)/(h/(-1))?
7
Suppose -1126 = -5*v + 9099. What is the tens digit of v?
4
Suppose -q = 3*c + 6, -c = 4*c + 20. Suppose q*p - 9*p = -711. What is the tens digit of p?
3
Let h(m) = 13*m**2 + 6. Let a be (13 + -16)/((-1)/(-1)). What is the hundreds digit of h(a)?
1
Suppose 0 = -f - m - 1 + 7, 3*m + 6 = 5*f. Suppose 0 = -2*t + 3*i + 9, -3*t - 6*i = -i - 4. Suppose t*v + f*v = 138. What is the units digit of v?
3
Let z(g) = -187*g + 70. What is the hundreds digit of z(-4)?
8
Suppose -126 = -w - 5*z, -z + 2 - 7 = 0. What is the units digit of w?
1
Suppose 84 = -4*z - 40. Let m be (4 - 3 - 3) + 54. Let l = m + z. What is the tens digit of l?
2
Let d(m) = m**2 + 6*m - 1. Suppose -k - 3*v = 3*k - 40, -3*k + v = -17. Let r be d(k). Suppose r = 5*y - 0*y. What is the tens digit of y?
1
Let x(p) = -p**3 - 6*p**2 - 11*p - 5. Let h(j) = -3*j + 1. Let f be h(-1). Suppose -26*z + 27*z = -f. What is the units digit of x(z)?
7
Let c = 17 - -11. Suppose -2 = -30*w + c*w. What is the units digit of w?
1
Let a(s) = 77*s**2 + 7*s - 12. Let p = 86 - 84. What is the hundreds digit of a(p)?
3
Suppose 3*o - 3*k = 315 - 9, -k = 4*o - 408. Suppose -3*u = -5*u + o. What is the tens digit of u?
5
Let j = -1549 + 2524. What is the hundreds digit of j?
9
Suppose -y - 2*b + 10 = y, -3*y + 2*b + 30 = 0. Suppose -4*i + y*i = 8. What is the units digit of (4 - i)*3/2?
3
Let z(t) = -t**2 + 10*t + 1. Let j be z(11). Let f = j + -2. What is the tens digit of 2/6 + (-320)/f?
2
Let i = 577 + 53. What is the tens digit of i?
3
Let s(o) = -5*o + 25. Let t be s(2). Suppose -t*z - 2010 = -21*z. What is the hundreds digit of z?
3
Let q(l) = -3*l + 6. Let m = 38 + -35. Suppose -3*o = -4*o - p - 3, 25 = -m*o + 5*p. What is the units digit of q(o)?
1
Suppose n - 4 = 2*n, 0 = 2*j + n - 2562. What is the thousands digit of j?
1
Let t(o) = 17*o**3 + 10*o**2 + o - 43. What is the units digit of t(6)?
5
Let z = -51 + 51. Suppose -3*h + 585 + 291 = z. What is the hundreds digit of h?
2
Suppose -3*p - 323 = -4*i, -2*i + 5*p = 2*i - 333. Suppose -j + 5*h - 4*h + i = 0, 151 = 2*j - 5*h. What is the units digit of j?
8
Let p(j) = j**3 + 7*j**2 - 2*j + 15. What is the tens digit of p(5)?
0
Let r = -72 + 156. What is the tens digit of r?
8
What is the units digit of (-6)/33 - (5 + (-105916)/44)?
2
Let w be 9*(-6)/(-9)*2. Let m = 48 - w. What is the units digit of m?
6
Let s be (-9896)/(-48) + 2/(-12). Let n = -85 + s. What is the tens digit of n?
2
Let x(u) = u**2 - 4*u - 6. Let l be x(3). Let w(h) = h**2 - 9*h + 7. What is the tens digit of w(l)?
6
Let b = 218 + 49. Suppose -r = 112 - b. What is the hundreds digit of r?
1
Let b(d) = 53*d - 3. Let w(s) = -35*s + 2. Let a(p) = 5*b(p) + 8*w(p). Let q(t) = -14*t + 1. Let i(g) = 7*a(g) - 6*q(g). What is the units digit of i(-1)?
2
Let j(a) = -a - 2. Let l be j(-4). Let n(f) = -f + l*f + 14 + 8*f**2 - 15. What is the units digit of n(1)?
8
Suppose 0*d = -4*d + 5*u + 120, 4*d = 2*u + 120. Let r(h) = -h - 13. Let z be r(-6). Let l = z + d. What is the tens digit of l?
2
Suppose 3*s = -3, h = -3*s + 7*s + 1674. What is the tens digit of h?
7
Let w(q) = -4*q + 12. Let u be w(4). Let m be 1/(-2)*-6 - 11. What is the tens digit of 36 + (-4 + m)/u?
3
Let x(u) = 5*u**2 - 22*u - 15. What is the units digit of x(8)?
9
Let d(m) = -m**3 + 12*m**2 + 5*m + 6. Let v be d(9). Suppose -4*g - 5*f + 171 = -v, 119 = g + 4*f. What is the tens digit of g?
1
Let x = 544 - -15. What is the units digit of x?
9
Let f(a) = -93*a + 12. What is the tens digit of f(-5)?
7
Suppose 3*x - 4*x - 4*t + 682 = 0, x = 3*t + 668. What is the hundreds digit of x?
6
Suppose 1 = 5*n - 34. Suppose -4*p + 4*z = -z - 33, 0 = 2*p - 2*z - 14. Let t = p + n. What is the units digit of t?
9
Suppose -5*h = -5*w - 8570, -7*h + 11*h = -w + 6841. What is the hundreds digit of h?
7
Let o = -1550 + 2261. What is the hundreds digit of o?
7
Let m = 313 + -215. What is the tens digit of m?
9
Let v = 162 - 169. Let r(h) = -2*h - 24 - 3*h - 2*h. What is the tens digit of r(v)?
2
Suppose -3*m + 113 + 1821 = 2*o, -2*o = -5*m + 3218. What is the tens digit of m?
4
Let v(i) = 93*i**2 - 13*i - 50. What is the units digit of v(-4)?
0
Suppose 0 = -2*h + 88 + 38. Suppose -4*y + 138 = 2*v, v + 38 = y - 4. Let r = h - y. What is the tens digit of r?
2
Let n(s) = 6*s**2 - 19*s + 41. Let y(b) = 17*b**2 - 57*b + 122. Let c(q) = -11*n(q) + 4*y(q). What is the units digit of c(11)?
0
Let p(r) = -23*r - 17. Let i be p(-7). Suppose 3*b + f - i = 4*f, -124 = -3*b - 2*f. What is the tens digit of b?
4
Suppose -4*u + k = -253, -3*k - k = 2*u - 104. Let f = 102 - u. What is the tens digit of f?
4
Suppose h = -3*h + 12. Suppose 12 = -h*t - 3*t. What is the units digit of (-1630)/(-25) + t/10?
5
Let x(l) = -20*l - 84. What is the units digit of x(-24)?
6
Let o(x) = -2*x - 6. Let f be o(-5). Suppose -n - 323 = -3*l, -2*l - 2*n + f*n + 210 = 0. What is the tens digit of l?
0
Let a = 1274 + -819. What is the hundreds digit of a?
4
Let k = -2357 + 3949. What is the units digit of k?
2
What is the units digit of ((-42)/168 + (-22)/8)*-781?
3
Suppose -2*r + 3*j + 578 = 6*j, 4*r - j - 1156 = 0. What is the tens digit of r?
8
Let p be 6 + 0 + (-6)/(-3). What is the units digit of 2 + -1 - (-96 + p)?
9
Suppose 0 = -5*q + 21 - 6. Suppose b = -q*b + 8. Let i = 29 + b. What is the tens digit of i?
3
Let z = -782 - -1377. What is the tens digit of z?
9
Let d(q) = 8*q**3 - 3*q + 7. Let u be d(3). Suppose 1010 - u = 4*b. What is the hundreds digit of b?
1
Let y = 0 - 1. What is the units digit of (-1 + y - 8)*-5?
0
Let c = -10 - -5. Let y = c + 5. Suppose 2*a + 56 = 3*g - 8, -5*g - 4*a + 70 = y. What is the units digit of g?
8
Let l = 1719 + -949. What is the hundreds digit of l?
7
Let k(h) = -148*h - 11. What is the thousands digit of k(-8)?
1
Suppose -2*b = -37 - 1. Suppose 28 = c - b. What is the units digit of c?
7
Suppose 5*h - 352 = 113. Let g = h + -51. What is the tens digit of g?
4
Let n(l) = 20*l**2 - 16*l + 53. What is the hundreds digit of n(-9)?
8
Let n(o) = o**3 - 2*o**2 - 2*o + 1. Let i be n(3). Suppose i*b - 228 = 2*b. What is the tens digit of b?
1
Suppose 20 = t + b, 107 - 21 = 4*t + b. What is the units digit of (-1)/(-1 - (-20)/t)?
1
Let r = -1 + 4. Let g be 26/1 + 0/r. Let k = -14 + g. What is the units digit of k?
2
Let t = 65 - 100. Let u = 53 + t. Suppose u = 5*f - 2, -5*g + 4*f + 304 = 0. What is the tens digit of g?
6
Let u = -69 + 83. What is the units digit of -3 + 0 - (-7)/(u/60)?
7
Suppose -38 + 13 = -5*c. Suppose c = -8*g + 3*g. What is the units digit of g + -1 + (4 - -14)?
6
Let s(d) = 2*d**2 + d + 11. Let u(v) = v**2 - v - 4. Let k be u(0). What is the tens digit of s(k)?
3
Let o(v) be the third derivative of 5*v**4/24 + 11*v**3/6 - 5*v**2. What is the units digit of o(6)?
1
Let z = 71 - -552. What is the hundreds digit of z?
6
Let n be (304/6)/((-1)/3). Let y = n + 262. What is the hundreds digit of y?
1
Suppose -16*w - 963 + 4483 = 0. Suppose -2*k + w = 134. What is the units digit of k?
3
Suppose -4*q + 18 = -3*a - 0*a, -6 = a - q. What is the units digit of 24*((-14)/a + -1)?
2
Suppose -5*c + 22 = -3*t - 7, -c - 8 = 4*t. Suppose 0 = 8*l - c*l - 16. Suppose 127 + 25 = 4*s - l*a, 3*s - 114 = -2*a. What is the tens digit of s?
3
Suppose -15*f - 15*f = -14700. What is the units digit of f?
0
Let s be